
2, 5
Suppose 0 = l + l + 4. List the prime factors of 1*(-2)/(-2) - l.
3
Suppose 4*b + 142 = -2*w, 3*b - 56 + 266 = -3*w. List the prime factors of (-1 + 0)/(3/w).
23
Suppose -80 = -4*q - 4*h, 5*q = q - 3*h + 78. Suppose q*k - 37 = 17*k. What are the prime factors of k?
37
Let v(f) = f**2 + 5*f + 6. Let p be 2/(-4) - (-3)/6. Suppose 0 = -p*b + 2*b + 12. What are the prime factors of v(b)?
2, 3
Let a(x) = -2*x + 7. Let v be a(7). Let s(g) = -5. Let j(n) = n. Let q(y) = -j(y) + s(y). What are the prime factors of q(v)?
2
Let z be -4*(-2 - 6/(-4)). Suppose 4*b = 0, 3*b + 11 = z*q - 3. List the prime factors of 3/9*3*q.
7
Suppose -20 = -0*n + 5*n. Let w(d) = -d**3 - 4*d**2 - 5*d + 2. What are the prime factors of w(n)?
2, 11
Suppose 0 = -3*o + b + 715, 2*b + 107 = -4*o + 1077. What are the prime factors of o?
2, 3, 5
Suppose -28 = 4*z - 8. Let q = 6 - z. List the prime factors of q.
11
Let t(h) be the third derivative of h**6/120 + h**5/12 - h**4/8 + h**3/3 - 4*h**2. List the prime factors of t(-5).
17
Let r = 65 + -40. List the prime factors of r.
5
Let g = 19 + -28. Let m = 40 + g. Suppose -m = 5*d - 76. What are the prime factors of d?
3
Let w(s) = -1. Let d(n) = -4*n - 5. Let c(v) = d(v) - 4*w(v). What are the prime factors of c(-3)?
11
What are the prime factors of ((-1115)/(-25) - 0)/(1/5)?
223
Let s = 308 + -120. What are the prime factors of s?
2, 47
Suppose 3*s - 161 = -f, f + 0*s - 185 = 5*s. Suppose -5*o - 5*i = f, 4*o - 9*o + 2*i - 177 = 0. List the prime factors of (-104)/(-7) - 5/o.
3, 5
Suppose -3*u + 3 = -4*u. Let o(v) = v**3 + 3*v**2 - 4*v - 4. Let f be o(u). Suppose 2*h - f = 16. List the prime factors of h.
2, 3
Let z be (-1)/(9/(-6) + 1). Suppose 15 = z*g + g. Suppose -g*k = -8*k + 21. What are the prime factors of k?
7
Suppose 0 = 4*y - 3*g + 34 + 5, 3*y + 4*g = 2. Let k = -6 - y. List the prime factors of -18*(0 - (k - -1)).
2, 3
Let w = 20 - 18. Suppose -3*r + t + 18 = 0, 0*r - w*t - 16 = -2*r. What are the prime factors of r?
5
Let b = 19 + -11. Let a be (4 + -1)*b/6. List the prime factors of 2*a/(16/10).
5
Let p(s) = -s**2 + 20*s + 26. What are the prime factors of p(15)?
101
Let b = -41 - -83. List the prime factors of b.
2, 3, 7
Let p be (-1)/(-1) - 2 - 2. Let a(d) = -2*d**3 - 3*d**2 - 3. List the prime factors of a(p).
2, 3
Suppose 2*d - 412 = -2*l, -l - d + 836 = 3*l. What are the prime factors of l?
2, 3, 5, 7
Let q = 5 + -4. Let y(l) = -3*l + 2*l**3 - q + 3*l**2 - 6*l**3 + 3*l**3 + 4*l. What are the prime factors of y(3)?
2
Let y(m) = m**2 - 4*m - 1. Let t be y(4). What are the prime factors of -1 - 16*t/1?
3, 5
Let j be 1 - -1 - 3 - -19. Let u be 4/18 + (-148)/j. What are the prime factors of 2 + 2 + u/4?
2
Let n(v) = -5*v**3 - 2*v**2 - 4*v + 3. What are the prime factors of n(-3)?
2, 3, 11
List the prime factors of (-254)/(-4) + (-9)/6.
2, 31
Let g be (3 + (-22)/6)*-3. Let v = g + -5. List the prime factors of -3 + (v/(-1) - -12).
2, 3
Let d = 7 - -16. What are the prime factors of d?
23
Suppose 0*q - 4 = 2*q. Let i be ((-9)/2)/(3/6). Let b = q - i. List the prime factors of b.
7
Let r be 1/(-2 + (-21)/(-10)). Suppose -2*z + 6 = -r. Let w = 12 - z. What are the prime factors of w?
2
Let n(f) = f**3 + 7*f**2 + 7*f + 6. Let v be n(-6). What are the prime factors of ((-10)/(-3) + v)*12?
2, 5
Suppose 3*z + 5 = z - 3*i, i = -5. Let h = 11 - z. List the prime factors of h.
2, 3
Suppose -17 - 53 = -2*j. What are the prime factors of j?
5, 7
Suppose -6*r + 4*r = -88. What are the prime factors of r?
2, 11
Let l = -63 - -70. List the prime factors of l.
7
Let z(f) = f**2 + f - 13. Let w be z(8). Suppose 0 = 4*q - 5*d - 207, 3*d - 9 = q - w. List the prime factors of q.
53
Let x(v) = -3*v**2 + 2*v + 2. Suppose 4*f - 2 = 3*f. Let r be x(f). What are the prime factors of 3 + 3/(r/(-4))?
5
Let u = 0 - -2. Suppose -3*f = u*f - 115. What are the prime factors of f?
23
Let l be 225/10*(-12)/(-10). List the prime factors of (-2)/6 - (-522)/l.
19
Let p(f) = f**3 - 5*f + 6. What are the prime factors of p(4)?
2, 5
Let v = 6 + -1. Suppose 5*k + p - 4 = 2, 4*k = -p + v. List the prime factors of 4 - k - (2 + -2).
3
Suppose -2*i + 4 = -5*f + 24, 0 = 3*f + 2*i - 12. Suppose d + d - 3*w - 9 = 0, -f*d + 23 = -5*w. List the prime factors of d.
2, 3
Let c = -10 + 10. Suppose 0 = -c*q + 3*q - 69. List the prime factors of q.
23
Suppose 0 = -4*g + 4*a + 276, -4*a = -0*g - 3*g + 209. List the prime factors of g.
67
Suppose -43 - 245 = -4*x. List the prime factors of x.
2, 3
Let a be (2 - -1)*(-3)/9. Let o(b) = -10*b. List the prime factors of o(a).
2, 5
Suppose 4*d = -7 + 23. List the prime factors of 114/d - 5/10.
2, 7
Let d = 117 - 68. What are the prime factors of d?
7
Let m = 279 - 157. List the prime factors of m.
2, 61
Let l be 5/5 + (-8)/2. Let c(s) = s**3 + 5*s**2 + 2*s + 1. Let g be c(l). Suppose -2*i = -i - g. List the prime factors of i.
13
Let d(n) = 22*n + 1. Let z(m) = -1 + 7 + 89*m - 1 - 1. Let g(i) = 9*d(i) - 2*z(i). What are the prime factors of g(1)?
3, 7
Let p be (12/14)/(3/21). Suppose -p*s = -s - 105. Let z = -15 + s. List the prime factors of z.
2, 3
Suppose 11 = 3*h - 7. Let o = -3 + h. Suppose 2*u + o*u - 3*d = -5, -2*u + 24 = 4*d. List the prime factors of u.
2
Suppose -3*q = 4*z + 58, 0 = -5*z - 3*q - 98 + 24. Let l = -8 - z. What are the prime factors of l?
2
Suppose -2*z - 139 + 13 = -4*q, 0 = 5*q - 5*z - 155. Suppose 14 = -5*m - 2*j - 5, -4*m + 4*j - q = 0. What are the prime factors of ((-2)/m)/(1/20)?
2
Let p be (-27)/(-5) + (-2)/5. Suppose -8*l + 25 = p*z - 3*l, 4*l - 20 = 0. Suppose -4*k + 16 + 4 = z. List the prime factors of k.
5
Suppose i + 4 = 7. Suppose h + i*h - x = 133, -1 = x. What are the prime factors of h?
3, 11
Suppose 7*x = 4*x + 156. List the prime factors of x.
2, 13
Suppose 0 = -4*z + 4*v + 20, -3*z + v - 5*v = -15. Suppose -z*s + 71 = 6. What are the prime factors of s?
13
Let k(g) be the third derivative of -g**4/24 - g**3/2 + 2*g**2. Let m be k(5). What are the prime factors of (m/6)/(8/(-12))?
2
List the prime factors of 18/(0 + 6) + 65*4.
263
Let h = 10 + -11. Let j = h - -12. Suppose -n = -0*n - j. List the prime factors of n.
11
Let s(m) = 5*m - 1. What are the prime factors of s(1)?
2
Let m = -11 + 16. Suppose 3*x - y = 2*y + 192, x - 34 = -m*y. List the prime factors of x.
59
Let j be 1/(3/126*-1). Let v = -13 - j. Suppose 0 = 5*k - 11 - v. What are the prime factors of k?
2
Let x = 25 + -19. What are the prime factors of x?
2, 3
List the prime factors of (2/1 - 4) + (-9 - -257).
2, 3, 41
Let q = 312 + -46. List the prime factors of q.
2, 7, 19
Let y = -32 - -122. List the prime factors of y.
2, 3, 5
Let q = -39 - -27. List the prime factors of (-196)/q - 3/9.
2
Let a(b) be the second derivative of b**5/20 + 2*b**4/3 - 5*b**3/3 + 5*b**2 + 4*b. List the prime factors of a(-9).
19
Suppose 4*d - 4 - 11 = g, -3*g + 5 = -2*d. List the prime factors of g.
5
Let l(a) = a**3 - 5*a**2 + 2*a - 4. Let g be l(5). Suppose -d = -g*d + 70. Let i = 26 - d. What are the prime factors of i?
2, 3
Let u(o) = o**3 + 10*o**2 + 5*o - 3. What are the prime factors of u(-9)?
3, 11
Let n(p) be the third derivative of 0*p - 2/3*p**3 + 1/30*p**5 + 0 + 5/24*p**4 - 3*p**2. List the prime factors of n(-4).
2
Let l(j) = 4*j**3 + 2*j**2 - 1. Let k be l(1). Suppose -4*c = -k*r - 78, 3*c + 2*r - 13 = 2*c. Suppose -5*p + 28 + c = 0. List the prime factors of p.
3
Let k(o) = o**2 - o - 9. What are the prime factors of k(-4)?
11
Let l = 3 + -3. Suppose -2*z - t + 11 = l, 0*z + 4*z - 12 = -4*t. List the prime factors of z.
2
Suppose 3*f - 3*c - 24 = 0, -2*f = 2*f + 5*c + 4. Let v be (f + -2)/(-4)*0. Suppose v = -w + 4*a + 28, 2*a - 2 + 22 = w. List the prime factors of w.
2, 3
Let c(i) = -i - 2. Let z be c(-4). Suppose -5*v - 11 = 2*d, 3*v + 2*v - z*d = -19. Let j = v - -7. What are the prime factors of j?
2
Let d be (-3 - -6)/((-3)/14). List the prime factors of 4/d + (-594)/(-21).
2, 7
Let m(c) = c + 1. Let x be m(-4). Let b be (0 - -3)/(x/2). Let k = b + 13. What are the prime factors of k?
11
Suppose -2*j + t + 291 = 34, -3*j - 2*t = -403. What are the prime factors of j?
131
Let z = -9 + 3. List the prime factors of -2 - (-2 + -2 + z).
2
Let c be (3 - 26/10)*5. Suppose c*u = 6*u - 68. List the prime factors of u.
